me factors of b?
2
Let y be (-391)/5 + (-2)/(-10). Let n be (-53)/1 - (-14 - -13). Let b = n - y. What are the prime factors of b?
2, 13
Let p(z) = 2*z - 19. Let m(r) = r - 9. Let k(w) = 13*m(w) - 6*p(w). Let n be k(5). What are the prime factors of 231/9 + n/6?
2, 13
Suppose 2*z - t - 1069 = -233, 411 = z - 4*t. List the prime factors of z.
419
Let b(y) = -7*y**3 + 6*y**2 + 9*y + 10. Let z(a) = a**2 - 10*a**2 - 14*a + 10*a**3 - 15 + a. Let o(n) = 7*b(n) + 5*z(n). What are the prime factors of o(4)?
3
Let r be 7 + (-5 - 6/(-2)). Suppose 0 = r*k - 0*k. Suppose k = 2*a - 2*j - 8, -a - 2*j = 2. List the prime factors of a.
2
Suppose 5*b + v = 14, 3*b + 2*v - 2 = 12. Suppose 0*w = -4*w + 3*l, b*w = -5*l - 26. Let t(u) = u**3 + 4*u**2 + u. What are the prime factors of t(w)?
2, 3
Let b(f) = f. Let p be b(7). Let t = -12 + p. Let m(h) = h**3 + 5*h**2 - 2*h + 2. What are the prime factors of m(t)?
2, 3
Let l be 546 - 2/((-2)/3). Suppose -391 = -5*y + l. Suppose -96 = m - 3*m + 4*d, -5*m + y = 3*d. What are the prime factors of m?
2, 5
Let i(w) = w + 8. Let p be i(-4). Suppose -470 = -5*h - 5*b, -91 = -2*h - p*b + 103. List the prime factors of h.
7, 13
Let i(y) = -y**3 + 8*y**2 - 10*y - 3. Let b be i(7). Let s be b/(-6) + 12/3. Suppose 2*t = f + 77, -4*t = -s*t + 3*f + 159. What are the prime factors of t?
2, 3
Suppose 6*w - 140 = 58. Let r = 72 - w. What are the prime factors of r?
3, 13
Suppose 30 = -5*l + 3*l. Let n be 0/(-1) - (l - -11). Suppose x = 4*o + 26, -n*x + 4*o = 90 - 230. List the prime factors of x.
2, 19
Let v be (5/15)/(2/24). Suppose 0 = 2*k - v*u - 200, 4*k - u + 2*u - 409 = 0. What are the prime factors of k?
2, 3, 17
Let s be -5*(-3 - 444/10). Suppose -43 - s = -2*m. What are the prime factors of m?
2, 5, 7
Let x(n) = -3*n**3 + 8*n**2 - 8*n - 11. Let m(f) = -4*f**3 + 8*f**2 - 7*f - 10. Let k(s) = -4*m(s) + 5*x(s). What are the prime factors of k(-9)?
2, 3
Let c = -468 + 680. List the prime factors of c.
2, 53
Let c = 4344 + -1233. What are the prime factors of c?
3, 17, 61
Suppose 0 = 4*a - 4*c - 44, -a + 2*c + 1 = -9. Suppose -g + 7*g + a = 0. List the prime factors of (-1030)/(-65) - g/13.
2
Let p(w) = 6*w - 5. Suppose 5*a - 14 = 16. Let g be p(a). Let z = -17 + g. What are the prime factors of z?
2, 7
Let r = 683 - 363. Let s = r + -192. What are the prime factors of s?
2
Let o(v) = -v**3 - 5*v**2 + v - 6. Let x be o(-3). Let a(f) = 2*f**2 + 55*f + 30. List the prime factors of a(x).
3
Let z(d) = d**2 + 3*d + 7. Let b be z(-6). Suppose 0*r - 5*r - 100 = 0. Let a = b + r. List the prime factors of a.
5
Suppose 5*i + 70 = t, -i - 3*i - t = 56. Let f(k) = k**2 - 2*k + 44. List the prime factors of f(i).
2, 67
Suppose 0 = 8*m - 7273 - 7223. List the prime factors of m.
2, 3, 151
Suppose 44 = 2*d + 4*o - 1162, 2*d - 1166 = 4*o. List the prime factors of d.
593
Suppose 3*q + 8 = 4*y - 3, -q = -3. Suppose 5*d - y = 0, -5*n = -2*d - d - 1117. What are the prime factors of n?
2, 7
Suppose -q + 1615 = -3*p, 0 = -2*q - 26*p + 21*p + 3186. List the prime factors of q.
7, 229
Let r = 213 + 1147. List the prime factors of r.
2, 5, 17
Let j = 183 - -118. What are the prime factors of j?
7, 43
Let i = 519 - 350. What are the prime factors of i?
13
Let j(m) = m + 7. Let t = -2 - 1. Let q be j(t). Suppose -2*x = 4*g + x - 1, -4*x - 4 = q*g. What are the prime factors of g?
2
Let t be (-105)/14*2/(-3). Suppose -4*m - 36 = -5*l + 9, t*m + 5 = -4*l. Suppose 3*s - 70 = -l*i, 8*s = 5*i + 4*s - 70. What are the prime factors of i?
2, 7
Suppose 1483*p = 1486*p - 300. What are the prime factors of p?
2, 5
Suppose 5*i - 115 = -7*g + 2*g, 3*g = 4*i - 120. Suppose p + 3*a - i = 0, -2*a + 33 = 4*p - 105. List the prime factors of p.
2, 3
Let j(p) = 0 + 3*p**2 + 4*p - 3 - 3*p**3 - 4*p**2. Let v be j(2). Let a = -8 - v. List the prime factors of a.
3, 5
Let f = -111 - -224. Let v = f + -58. List the prime factors of v.
5, 11
Let q(z) = 5*z - 11. Let o be q(11). Suppose -j - 3*u + 11 = -u, 4*j + 4*u = o. Suppose -8*h + j*h - 111 = 0. List the prime factors of h.
37
Let c = -2587 - -4457. List the prime factors of c.
2, 5, 11, 17
Suppose 9*g = -12 - 42. Let p(s) = s**3 + 5*s**2 - 15*s - 7. List the prime factors of p(g).
47
Let w(t) = -27*t**3 - 5*t**2 - 14*t + 3. List the prime factors of w(-6).
3, 1913
Suppose -16*d = -19*d. Suppose d*y - 3*y = -279. List the prime factors of y.
3, 31
Let v = -1310 - -2533. List the prime factors of v.
1223
Suppose 6884 = 16*a + 836. What are the prime factors of a?
2, 3, 7
Let b be -4 + 6/3 + 15. Suppose 3*u - 11 = b. Suppose r = -r - u, 0 = 2*g + 5*r - 116. What are the prime factors of g?
2, 17
Suppose 1236 = 4*p + 5*n, -3*p + 2*n = -2*n - 896. Let l = p + -57. List the prime factors of l.
13, 19
Let w(p) = -p**3 - 4*p**2 - 11*p + 7. Let d(m) = -6*m**3 - 20*m**2 - 55*m + 35. Let q(j) = -2*d(j) + 11*w(j). List the prime factors of q(7).
7, 11
Let m(d) be the first derivative of d**4/4 + d**3/3 - d**2/2 + 98*d - 11. List the prime factors of m(0).
2, 7
Let u = -2271 + 3517. What are the prime factors of u?
2, 7, 89
Let q = 206 - -357. List the prime factors of q.
563
Let s = 4464 - 1678. What are the prime factors of s?
2, 7, 199
What are the prime factors of (45/2)/((-1343)/(-102) - 13)?
3, 5
Let d = 9 - 9. Suppose 2*a + 2*p - 10 = d, -5*p + p = -4*a - 20. Suppose a = -4*x - m + 100, 3*x - 124 = 4*m - 30. List the prime factors of x.
2, 13
Let k(a) = a**2 + 12*a - 20. Let h be k(-14). Suppose n = h - 5. What are the prime factors of n?
3
Let i(c) = c**3 - 18*c**2 + 6*c + 13. What are the prime factors of i(19)?
2, 61
Suppose 5*v + m = 237 - 1106, -4*m = -v - 178. Let w = v - -283. What are the prime factors of w?
109
List the prime factors of (-30)/50 - 11/((-275)/40290).
3, 179
Let p(x) = -x**3 - 2*x**2 + x + 3. Let i be p(-3). Suppose s - i = -4*v + 73, -5*v = -s + 37. List the prime factors of s.
2, 31
Suppose 0*v + 2*v - 5*g = 265, v - 3*g = 135. Suppose 0 = -8*a + 9*a - v. List the prime factors of a.
2, 3, 5
Let x = 300 - 212. Let k = x + -11. List the prime factors of k.
7, 11
Let u(s) = 11*s**2 + 15*s - 90. List the prime factors of u(10).
2, 5, 29
Suppose b = -0 + 3. Suppose -b*i - 304 = -0*n - 5*n, 4*n + i - 233 = 0. What are the prime factors of n?
59
Let l(v) = v**3 + 2*v**2 - 7*v - 6. Let n be l(-4). What are the prime factors of 9 + ((-2)/4 - 5/n)?
3
Suppose 0 = -3*y + z - 49, -4*z - z = 25. List the prime factors of ((-180)/y)/(1/7).
2, 5, 7
What are the prime factors of ((-472)/152 - -3) + (-156927)/(-57)?
2753
Suppose 4*c = 5*w + 1992, -w - 2469 = -10*c + 5*c. What are the prime factors of c?
17, 29
Let q be 2/11 - 2320/55. List the prime factors of q/(-9)*(-6)/(-4).
7
Suppose 0 = -3*o + 7*o - 320. Suppose -31 = h - o. Suppose u = r + 12, -4*u + r + h = -2*r. List the prime factors of u.
13
Suppose -462 = j - 1238. What are the prime factors of j?
2, 97
Let p(b) = -7*b - 11. Let n(i) = 0 + 2*i + 4*i + 1 - 7*i. Let z(v) = -2*n(v) + p(v). List the prime factors of z(-8).
3
Let x(w) = w - 9. Let z be x(0). Let u be (-15)/(-2)*48/z. Let r = 63 + u. What are the prime factors of r?
23
Suppose -2*z - 4*n + 13 = -n, -z + 5*n = 13. Suppose c - 84 = -z*v, -6*v = -v + c - 210. What are the prime factors of v?
2, 3, 7
Let q(k) = 16*k**2 + 7*k**2 - 1 - 2*k**2 - 2*k + 3*k. List the prime factors of q(1).
3, 7
Let b = -38 - -39. Let k(h) = 8*h**3 + 2*h**2 - 1. Let v be k(b). What are the prime factors of (6 - 4) + 2 + v?
13
Let c be (14/(-35))/((-3)/(-7*15)). List the prime factors of ((16/c)/1)/(10/(-35)).
2
Suppose 0 = -2*f - 60 - 60. Let a = f + 115. List the prime factors of a.
5, 11
List the prime factors of (-1 - 0)/(37/(-19388)).
2, 131
Suppose -3*h = -6 - 15. Suppose -807 = -h*u - 23. What are the prime factors of u?
2, 7
Suppose -417365 = -73*t - 9660. List the prime factors of t.
5, 1117
Let m be 1/(-1*(-2)/(-6)). Let p be (-1 - 5)*m/9. Let o = 23 - p. List the prime factors of o.
3, 7
Let s(c) = c**2 - 2*c + 5. Suppose -3*q = -8*q - 3*n + 19, 3*q - 21 = -5*n. Suppose q*r - 1 = 9. What are the prime factors of s(r)?
2, 5
List the prime factors of ((-423)/2 - 4)*-4.
2, 431
Suppose -y - 60 = 3*y. Let q = 18 + y. Suppose 5*p = 5*c, p = -5*c + q*c + 12. What are the prime factors of c?
2
Let x(h) = h**3 + 12*